{"id":68121,"date":"2025-03-24T17:27:27","date_gmt":"2025-03-24T16:27:27","guid":{"rendered":"https:\/\/www.meliconi.com\/prodotto\/torre-noir\/"},"modified":"2025-10-02T17:14:17","modified_gmt":"2025-10-02T15:14:17","slug":"torre-noir","status":"publish","type":"product","link":"https:\/\/www.meliconi.com\/es\/producto\/torre-noir\/","title":{"rendered":"Torre Noir"},"content":{"rendered":"<p>El nuevo kit de superposici\u00f3n Torre Noir permite ordenar el lavadero superponiendo la secadora sobre la lavadora, ahorrando espacio \u00fatil.<br \/>\nUniversal, compatible con la mayor\u00eda de lavadoras y secadoras de carga frontal de 60 cm de ancho y m\u00e1s de 60 cm de profundidad.<br \/>\nPeso m\u00e1ximo soportado: 250 kg. Correa de seguridad incluida con hebilla met\u00e1lica.<\/p>\n<p>Compatible con todas las lavadoras de carga frontal con una profundidad m\u00ednima de 45 cm y secadoras de carga frontal con una profundidad superior a 60 cm (la distancia entre las patas de la secadora debe ser de 54 cm como m\u00e1ximo).<\/p>\n<p>Peso m\u00e1ximo soportado: 250 kg.<br \/>\nSe incluye una correa de seguridad negra de 6 metros con hebilla met\u00e1lica.<br \/>\nPremontado, f\u00e1cil y r\u00e1pido de instalar.<\/p>\n","protected":false},"excerpt":{"rendered":"<p>KIT LAVADORA SECADORA: este kit de superposici\u00f3n tiene una estructura de tecnopol\u00edmero reforzado que le permite soportar un peso m\u00e1ximo de 250 kg, lo que permite ganar espacio colocando la secadora encima de la lavadora.<br \/>\nUNIVERSAL: compatible con todas las lavadoras de carga frontal (con una profundidad m\u00ednima de 45 cm y una anchura m\u00e1xima de 60 cm) y con todas las secadoras de carga frontal con una profundidad de hasta 70 cm.<br \/>\nSEGURO: para garantizar una estabilidad \u00f3ptima, este kit con base para lavadora incluye una correa de seguridad blanca de 6 m con hebilla met\u00e1lica para mantener unidos los dos electrodom\u00e9sticos.<br \/>\nINSTALACI\u00d3N R\u00c1PIDA: este kit de superposici\u00f3n Meliconi viene premontado para ofrecerte una instalaci\u00f3n r\u00e1pida; adem\u00e1s, el kit incluye protecciones de espuma blanda.<br \/>\nACCESORIOS INCLUIDOS: correa de seguridad; 8 almohadillas protectoras de espuma EVA.<\/p>\n","protected":false},"featured_media":64755,"template":"","meta":{"_acf_changed":false},"product_brand":[],"product_cat":[267],"product_tag":[],"class_list":{"0":"post-68121","1":"product","2":"type-product","3":"status-publish","4":"has-post-thumbnail","6":"product_cat-kit-de-superposicion-es","8":"first","9":"instock","10":"taxable","11":"shipping-taxable","12":"purchasable","13":"product-type-simple"},"acf":[],"yoast_head":"<!-- This site is optimized with the Yoast SEO plugin v27.4 - https:\/\/yoast.com\/product\/yoast-seo-wordpress\/ -->\n<title>Torre Noir - Meliconi<\/title>\n<meta name=\"robots\" content=\"index, follow, max-snippet:-1, max-image-preview:large, max-video-preview:-1\" \/>\n<link rel=\"canonical\" href=\"https:\/\/www.meliconi.com\/es\/producto\/torre-noir\/\" \/>\n<meta property=\"og:locale\" content=\"es_ES\" \/>\n<meta property=\"og:type\" content=\"article\" \/>\n<meta property=\"og:title\" content=\"Torre Noir - Meliconi\" \/>\n<meta property=\"og:description\" content=\"KIT LAVADORA SECADORA: este kit de superposici\u00f3n tiene una estructura de tecnopol\u00edmero reforzado que le permite soportar un peso m\u00e1ximo de 250 kg, lo que permite ganar espacio colocando la secadora encima de la lavadora. UNIVERSAL: compatible con todas las lavadoras de carga frontal (con una profundidad m\u00ednima de 45 cm y una anchura m\u00e1xima de 60 cm) y con todas las secadoras de carga frontal con una profundidad de hasta 70 cm. SEGURO: para garantizar una estabilidad \u00f3ptima, este kit con base para lavadora incluye una correa de seguridad blanca de 6 m con hebilla met\u00e1lica para mantener unidos los dos electrodom\u00e9sticos. INSTALACI\u00d3N R\u00c1PIDA: este kit de superposici\u00f3n Meliconi viene premontado para ofrecerte una instalaci\u00f3n r\u00e1pida; adem\u00e1s, el kit incluye protecciones de espuma blanda. ACCESORIOS INCLUIDOS: correa de seguridad; 8 almohadillas protectoras de espuma EVA.\" \/>\n<meta property=\"og:url\" content=\"https:\/\/www.meliconi.com\/es\/producto\/torre-noir\/\" \/>\n<meta property=\"og:site_name\" content=\"Meliconi\" \/>\n<meta property=\"article:modified_time\" content=\"2025-10-02T15:14:17+00:00\" \/>\n<meta property=\"og:image\" content=\"https:\/\/www.meliconi.com\/wp-content\/uploads\/2025\/03\/656138_BASIC-black-1.png\" \/>\n\t<meta property=\"og:image:width\" content=\"6000\" \/>\n\t<meta property=\"og:image:height\" content=\"3375\" \/>\n\t<meta property=\"og:image:type\" content=\"image\/png\" \/>\n<meta name=\"twitter:card\" content=\"summary_large_image\" \/>\n<meta name=\"twitter:label1\" content=\"Tiempo de lectura\" \/>\n\t<meta name=\"twitter:data1\" content=\"1 minuto\" \/>\n<script type=\"application\/ld+json\" class=\"yoast-schema-graph\">{\"@context\":\"https:\\\/\\\/schema.org\",\"@graph\":[{\"@type\":\"WebPage\",\"@id\":\"https:\\\/\\\/www.meliconi.com\\\/es\\\/producto\\\/torre-noir\\\/\",\"url\":\"https:\\\/\\\/www.meliconi.com\\\/es\\\/producto\\\/torre-noir\\\/\",\"name\":\"Torre Noir - Meliconi\",\"isPartOf\":{\"@id\":\"https:\\\/\\\/www.meliconi.com\\\/es\\\/#website\"},\"primaryImageOfPage\":{\"@id\":\"https:\\\/\\\/www.meliconi.com\\\/es\\\/producto\\\/torre-noir\\\/#primaryimage\"},\"image\":{\"@id\":\"https:\\\/\\\/www.meliconi.com\\\/es\\\/producto\\\/torre-noir\\\/#primaryimage\"},\"thumbnailUrl\":\"https:\\\/\\\/www.meliconi.com\\\/wp-content\\\/uploads\\\/2025\\\/03\\\/656138_BASIC-black-1.png\",\"datePublished\":\"2025-03-24T16:27:27+00:00\",\"dateModified\":\"2025-10-02T15:14:17+00:00\",\"breadcrumb\":{\"@id\":\"https:\\\/\\\/www.meliconi.com\\\/es\\\/producto\\\/torre-noir\\\/#breadcrumb\"},\"inLanguage\":\"es\",\"potentialAction\":[{\"@type\":\"ReadAction\",\"target\":[\"https:\\\/\\\/www.meliconi.com\\\/es\\\/producto\\\/torre-noir\\\/\"]}]},{\"@type\":\"ImageObject\",\"inLanguage\":\"es\",\"@id\":\"https:\\\/\\\/www.meliconi.com\\\/es\\\/producto\\\/torre-noir\\\/#primaryimage\",\"url\":\"https:\\\/\\\/www.meliconi.com\\\/wp-content\\\/uploads\\\/2025\\\/03\\\/656138_BASIC-black-1.png\",\"contentUrl\":\"https:\\\/\\\/www.meliconi.com\\\/wp-content\\\/uploads\\\/2025\\\/03\\\/656138_BASIC-black-1.png\",\"width\":6000,\"height\":3375},{\"@type\":\"BreadcrumbList\",\"@id\":\"https:\\\/\\\/www.meliconi.com\\\/es\\\/producto\\\/torre-noir\\\/#breadcrumb\",\"itemListElement\":[{\"@type\":\"ListItem\",\"position\":1,\"name\":\"Home\",\"item\":\"https:\\\/\\\/www.meliconi.com\\\/es\\\/\"},{\"@type\":\"ListItem\",\"position\":2,\"name\":\"Shop\",\"item\":\"https:\\\/\\\/www.meliconi.com\\\/es\\\/shop-es\\\/\"},{\"@type\":\"ListItem\",\"position\":3,\"name\":\"Torre Noir\"}]},{\"@type\":\"WebSite\",\"@id\":\"https:\\\/\\\/www.meliconi.com\\\/es\\\/#website\",\"url\":\"https:\\\/\\\/www.meliconi.com\\\/es\\\/\",\"name\":\"Meliconi\",\"description\":\"El especialista en accesorios \",\"publisher\":{\"@id\":\"https:\\\/\\\/www.meliconi.com\\\/es\\\/#organization\"},\"potentialAction\":[{\"@type\":\"SearchAction\",\"target\":{\"@type\":\"EntryPoint\",\"urlTemplate\":\"https:\\\/\\\/www.meliconi.com\\\/es\\\/?s={search_term_string}\"},\"query-input\":{\"@type\":\"PropertyValueSpecification\",\"valueRequired\":true,\"valueName\":\"search_term_string\"}}],\"inLanguage\":\"es\"},{\"@type\":\"Organization\",\"@id\":\"https:\\\/\\\/www.meliconi.com\\\/es\\\/#organization\",\"name\":\"Meliconi\",\"url\":\"https:\\\/\\\/www.meliconi.com\\\/es\\\/\",\"logo\":{\"@type\":\"ImageObject\",\"inLanguage\":\"es\",\"@id\":\"https:\\\/\\\/www.meliconi.com\\\/es\\\/#\\\/schema\\\/logo\\\/image\\\/\",\"url\":\"https:\\\/\\\/www.meliconi.com\\\/wp-content\\\/uploads\\\/2021\\\/06\\\/logo-meliconi.png\",\"contentUrl\":\"https:\\\/\\\/www.meliconi.com\\\/wp-content\\\/uploads\\\/2021\\\/06\\\/logo-meliconi.png\",\"width\":338,\"height\":102,\"caption\":\"Meliconi\"},\"image\":{\"@id\":\"https:\\\/\\\/www.meliconi.com\\\/es\\\/#\\\/schema\\\/logo\\\/image\\\/\"}}]}<\/script>\n<!-- \/ Yoast SEO plugin. -->","yoast_head_json":{"title":"Torre Noir - Meliconi","robots":{"index":"index","follow":"follow","max-snippet":"max-snippet:-1","max-image-preview":"max-image-preview:large","max-video-preview":"max-video-preview:-1"},"canonical":"https:\/\/www.meliconi.com\/es\/producto\/torre-noir\/","og_locale":"es_ES","og_type":"article","og_title":"Torre Noir - Meliconi","og_description":"KIT LAVADORA SECADORA: este kit de superposici\u00f3n tiene una estructura de tecnopol\u00edmero reforzado que le permite soportar un peso m\u00e1ximo de 250 kg, lo que permite ganar espacio colocando la secadora encima de la lavadora. UNIVERSAL: compatible con todas las lavadoras de carga frontal (con una profundidad m\u00ednima de 45 cm y una anchura m\u00e1xima de 60 cm) y con todas las secadoras de carga frontal con una profundidad de hasta 70 cm. SEGURO: para garantizar una estabilidad \u00f3ptima, este kit con base para lavadora incluye una correa de seguridad blanca de 6 m con hebilla met\u00e1lica para mantener unidos los dos electrodom\u00e9sticos. INSTALACI\u00d3N R\u00c1PIDA: este kit de superposici\u00f3n Meliconi viene premontado para ofrecerte una instalaci\u00f3n r\u00e1pida; adem\u00e1s, el kit incluye protecciones de espuma blanda. ACCESORIOS INCLUIDOS: correa de seguridad; 8 almohadillas protectoras de espuma EVA.","og_url":"https:\/\/www.meliconi.com\/es\/producto\/torre-noir\/","og_site_name":"Meliconi","article_modified_time":"2025-10-02T15:14:17+00:00","og_image":[{"width":6000,"height":3375,"url":"https:\/\/www.meliconi.com\/wp-content\/uploads\/2025\/03\/656138_BASIC-black-1.png","type":"image\/png"}],"twitter_card":"summary_large_image","twitter_misc":{"Tiempo de lectura":"1 minuto"},"schema":{"@context":"https:\/\/schema.org","@graph":[{"@type":"WebPage","@id":"https:\/\/www.meliconi.com\/es\/producto\/torre-noir\/","url":"https:\/\/www.meliconi.com\/es\/producto\/torre-noir\/","name":"Torre Noir - Meliconi","isPartOf":{"@id":"https:\/\/www.meliconi.com\/es\/#website"},"primaryImageOfPage":{"@id":"https:\/\/www.meliconi.com\/es\/producto\/torre-noir\/#primaryimage"},"image":{"@id":"https:\/\/www.meliconi.com\/es\/producto\/torre-noir\/#primaryimage"},"thumbnailUrl":"https:\/\/www.meliconi.com\/wp-content\/uploads\/2025\/03\/656138_BASIC-black-1.png","datePublished":"2025-03-24T16:27:27+00:00","dateModified":"2025-10-02T15:14:17+00:00","breadcrumb":{"@id":"https:\/\/www.meliconi.com\/es\/producto\/torre-noir\/#breadcrumb"},"inLanguage":"es","potentialAction":[{"@type":"ReadAction","target":["https:\/\/www.meliconi.com\/es\/producto\/torre-noir\/"]}]},{"@type":"ImageObject","inLanguage":"es","@id":"https:\/\/www.meliconi.com\/es\/producto\/torre-noir\/#primaryimage","url":"https:\/\/www.meliconi.com\/wp-content\/uploads\/2025\/03\/656138_BASIC-black-1.png","contentUrl":"https:\/\/www.meliconi.com\/wp-content\/uploads\/2025\/03\/656138_BASIC-black-1.png","width":6000,"height":3375},{"@type":"BreadcrumbList","@id":"https:\/\/www.meliconi.com\/es\/producto\/torre-noir\/#breadcrumb","itemListElement":[{"@type":"ListItem","position":1,"name":"Home","item":"https:\/\/www.meliconi.com\/es\/"},{"@type":"ListItem","position":2,"name":"Shop","item":"https:\/\/www.meliconi.com\/es\/shop-es\/"},{"@type":"ListItem","position":3,"name":"Torre Noir"}]},{"@type":"WebSite","@id":"https:\/\/www.meliconi.com\/es\/#website","url":"https:\/\/www.meliconi.com\/es\/","name":"Meliconi","description":"El especialista en accesorios ","publisher":{"@id":"https:\/\/www.meliconi.com\/es\/#organization"},"potentialAction":[{"@type":"SearchAction","target":{"@type":"EntryPoint","urlTemplate":"https:\/\/www.meliconi.com\/es\/?s={search_term_string}"},"query-input":{"@type":"PropertyValueSpecification","valueRequired":true,"valueName":"search_term_string"}}],"inLanguage":"es"},{"@type":"Organization","@id":"https:\/\/www.meliconi.com\/es\/#organization","name":"Meliconi","url":"https:\/\/www.meliconi.com\/es\/","logo":{"@type":"ImageObject","inLanguage":"es","@id":"https:\/\/www.meliconi.com\/es\/#\/schema\/logo\/image\/","url":"https:\/\/www.meliconi.com\/wp-content\/uploads\/2021\/06\/logo-meliconi.png","contentUrl":"https:\/\/www.meliconi.com\/wp-content\/uploads\/2021\/06\/logo-meliconi.png","width":338,"height":102,"caption":"Meliconi"},"image":{"@id":"https:\/\/www.meliconi.com\/es\/#\/schema\/logo\/image\/"}}]}},"_links":{"self":[{"href":"https:\/\/www.meliconi.com\/es\/wp-json\/wp\/v2\/product\/68121","targetHints":{"allow":["GET"]}}],"collection":[{"href":"https:\/\/www.meliconi.com\/es\/wp-json\/wp\/v2\/product"}],"about":[{"href":"https:\/\/www.meliconi.com\/es\/wp-json\/wp\/v2\/types\/product"}],"wp:featuredmedia":[{"embeddable":true,"href":"https:\/\/www.meliconi.com\/es\/wp-json\/wp\/v2\/media\/64755"}],"wp:attachment":[{"href":"https:\/\/www.meliconi.com\/es\/wp-json\/wp\/v2\/media?parent=68121"}],"wp:term":[{"taxonomy":"product_brand","embeddable":true,"href":"https:\/\/www.meliconi.com\/es\/wp-json\/wp\/v2\/product_brand?post=68121"},{"taxonomy":"product_cat","embeddable":true,"href":"https:\/\/www.meliconi.com\/es\/wp-json\/wp\/v2\/product_cat?post=68121"},{"taxonomy":"product_tag","embeddable":true,"href":"https:\/\/www.meliconi.com\/es\/wp-json\/wp\/v2\/product_tag?post=68121"}],"curies":[{"name":"wp","href":"https:\/\/api.w.org\/{rel}","templated":true}]}}

<p>El nuevo kit de superposición Torre Noir permite ordenar el lavadero superponiendo la secadora sobre la lavadora, ahorrando espacio útil.<br />
Universal, compatible con la mayoría de lavadoras y secadoras de carga frontal de 60 cm de ancho y más de 60 cm de profundidad.<br />
Peso máximo soportado: 250 kg. Correa de seguridad incluida con hebilla metálica.</p>
<p>Compatible con todas las lavadoras de carga frontal con una profundidad mínima de 45 cm y secadoras de carga frontal con una profundidad superior a 60 cm (la distancia entre las patas de la secadora debe ser de 54 cm como máximo).</p>
<p>Peso máximo soportado: 250 kg.<br />
Se incluye una correa de seguridad negra de 6 metros con hebilla metálica.<br />
Premontado, fácil y rápido de instalar.</p>

<p>KIT LAVADORA SECADORA: este kit de superposición tiene una estructura de tecnopolímero reforzado que le permite soportar un peso máximo de 250 kg, lo que permite ganar espacio colocando la secadora encima de la lavadora.<br />
UNIVERSAL: compatible con todas las lavadoras de carga frontal (con una profundidad mínima de 45 cm y una anchura máxima de 60 cm) y con todas las secadoras de carga frontal con una profundidad de hasta 70 cm.<br />
SEGURO: para garantizar una estabilidad óptima, este kit con base para lavadora incluye una correa de seguridad blanca de 6 m con hebilla metálica para mantener unidos los dos electrodomésticos.<br />
INSTALACIÓN RÁPIDA: este kit de superposición Meliconi viene premontado para ofrecerte una instalación rápida; además, el kit incluye protecciones de espuma blanda.<br />
ACCESORIOS INCLUIDOS: correa de seguridad; 8 almohadillas protectoras de espuma EVA.</p>

<!-- This site is optimized with the Yoast SEO plugin v27.4 - https://yoast.com/product/yoast-seo-wordpress/ -->
<title>Torre Noir - Meliconi</title>
<meta name="robots" content="index, follow, max-snippet:-1, max-image-preview:large, max-video-preview:-1" />
<link rel="canonical" href="https://www.meliconi.com/es/producto/torre-noir/" />
<meta property="og:locale" content="es_ES" />
<meta property="og:type" content="article" />
<meta property="og:title" content="Torre Noir - Meliconi" />
<meta property="og:description" content="KIT LAVADORA SECADORA: este kit de superposición tiene una estructura de tecnopolímero reforzado que le permite soportar un peso máximo de 250 kg, lo que permite ganar espacio colocando la secadora encima de la lavadora. UNIVERSAL: compatible con todas las lavadoras de carga frontal (con una profundidad mínima de 45 cm y una anchura máxima de 60 cm) y con todas las secadoras de carga frontal con una profundidad de hasta 70 cm. SEGURO: para garantizar una estabilidad óptima, este kit con base para lavadora incluye una correa de seguridad blanca de 6 m con hebilla metálica para mantener unidos los dos electrodomésticos. INSTALACIÓN RÁPIDA: este kit de superposición Meliconi viene premontado para ofrecerte una instalación rápida; además, el kit incluye protecciones de espuma blanda. ACCESORIOS INCLUIDOS: correa de seguridad; 8 almohadillas protectoras de espuma EVA." />
<meta property="og:url" content="https://www.meliconi.com/es/producto/torre-noir/" />
<meta property="og:site_name" content="Meliconi" />
<meta property="article:modified_time" content="2025-10-02T15:14:17+00:00" />
<meta property="og:image" content="https://www.meliconi.com/wp-content/uploads/2025/03/656138_BASIC-black-1.png" />
	<meta property="og:image:width" content="6000" />
	<meta property="og:image:height" content="3375" />
	<meta property="og:image:type" content="image/png" />
<meta name="twitter:card" content="summary_large_image" />
<meta name="twitter:label1" content="Tiempo de lectura" />
	<meta name="twitter:data1" content="1 minuto" />
<script type="application/ld+json" class="yoast-schema-graph">{"@context":"https:\/\/schema.org","@graph":[{"@type":"WebPage","@id":"https:\/\/www.meliconi.com\/es\/producto\/torre-noir\/","url":"https:\/\/www.meliconi.com\/es\/producto\/torre-noir\/","name":"Torre Noir - Meliconi","isPartOf":{"@id":"https:\/\/www.meliconi.com\/es\/#website"},"primaryImageOfPage":{"@id":"https:\/\/www.meliconi.com\/es\/producto\/torre-noir\/#primaryimage"},"image":{"@id":"https:\/\/www.meliconi.com\/es\/producto\/torre-noir\/#primaryimage"},"thumbnailUrl":"https:\/\/www.meliconi.com\/wp-content\/uploads\/2025\/03\/656138_BASIC-black-1.png","datePublished":"2025-03-24T16:27:27+00:00","dateModified":"2025-10-02T15:14:17+00:00","breadcrumb":{"@id":"https:\/\/www.meliconi.com\/es\/producto\/torre-noir\/#breadcrumb"},"inLanguage":"es","potentialAction":[{"@type":"ReadAction","target":["https:\/\/www.meliconi.com\/es\/producto\/torre-noir\/"]}]},{"@type":"ImageObject","inLanguage":"es","@id":"https:\/\/www.meliconi.com\/es\/producto\/torre-noir\/#primaryimage","url":"https:\/\/www.meliconi.com\/wp-content\/uploads\/2025\/03\/656138_BASIC-black-1.png","contentUrl":"https:\/\/www.meliconi.com\/wp-content\/uploads\/2025\/03\/656138_BASIC-black-1.png","width":6000,"height":3375},{"@type":"BreadcrumbList","@id":"https:\/\/www.meliconi.com\/es\/producto\/torre-noir\/#breadcrumb","itemListElement":[{"@type":"ListItem","position":1,"name":"Home","item":"https:\/\/www.meliconi.com\/es\/"},{"@type":"ListItem","position":2,"name":"Shop","item":"https:\/\/www.meliconi.com\/es\/shop-es\/"},{"@type":"ListItem","position":3,"name":"Torre Noir"}]},{"@type":"WebSite","@id":"https:\/\/www.meliconi.com\/es\/#website","url":"https:\/\/www.meliconi.com\/es\/","name":"Meliconi","description":"El especialista en accesorios ","publisher":{"@id":"https:\/\/www.meliconi.com\/es\/#organization"},"potentialAction":[{"@type":"SearchAction","target":{"@type":"EntryPoint","urlTemplate":"https:\/\/www.meliconi.com\/es\/?s={search_term_string}"},"query-input":{"@type":"PropertyValueSpecification","valueRequired":true,"valueName":"search_term_string"}}],"inLanguage":"es"},{"@type":"Organization","@id":"https:\/\/www.meliconi.com\/es\/#organization","name":"Meliconi","url":"https:\/\/www.meliconi.com\/es\/","logo":{"@type":"ImageObject","inLanguage":"es","@id":"https:\/\/www.meliconi.com\/es\/#\/schema\/logo\/image\/","url":"https:\/\/www.meliconi.com\/wp-content\/uploads\/2021\/06\/logo-meliconi.png","contentUrl":"https:\/\/www.meliconi.com\/wp-content\/uploads\/2021\/06\/logo-meliconi.png","width":338,"height":102,"caption":"Meliconi"},"image":{"@id":"https:\/\/www.meliconi.com\/es\/#\/schema\/logo\/image\/"}}]}</script>
<!-- / Yoast SEO plugin. -->

KIT LAVADORA SECADORA: este kit de superposición tiene una estructura de tecnopolímero reforzado que le permite soportar un peso máximo de 250 kg, lo que permite ganar espacio colocando la secadora encima de la lavadora. UNIVERSAL: compatible con todas las lavadoras de carga frontal (con una profundidad mínima de 45 cm y una anchura máxima de 60 cm) y con todas las secadoras de carga frontal con una profundidad de hasta 70 cm. SEGURO: para garantizar una estabilidad óptima, este kit con base para lavadora incluye una correa de seguridad blanca de 6 m con hebilla metálica para mantener unidos los dos electrodomésticos. INSTALACIÓN RÁPIDA: este kit de superposición Meliconi viene premontado para ofrecerte una instalación rápida; además, el kit incluye protecciones de espuma blanda. ACCESORIOS INCLUIDOS: correa de seguridad; 8 almohadillas protectoras de espuma EVA.
