{"id":65392,"date":"2025-04-07T10:05:58","date_gmt":"2025-04-07T08:05:58","guid":{"rendered":"https:\/\/www.meliconi.com\/?post_type=product&#038;p=65392"},"modified":"2025-04-07T10:33:46","modified_gmt":"2025-04-07T08:33:46","slug":"torre-smart-l60","status":"publish","type":"product","link":"https:\/\/www.meliconi.com\/es\/producto\/torre-smart-l60\/","title":{"rendered":"Torre Smart L60"},"content":{"rendered":"<p>El kit de apilado Torre Smart L60\u00a0 optimiza el espacio en la lavander\u00eda, permitiendo apilar la secadora sobre la lavadora de forma f\u00e1cil y segura. Equipado con un pr\u00e1ctico estante extra\u00edble, proporciona una base funcional durante la rutina de lavado y secado.<\/p>\n<p>Universal, compatible con la mayor\u00eda de las lavadoras y secadoras de carga frontal de 60 cm de ancho y m\u00e1s de 60 cm de profundidad.<\/p>\n<p>Peso m\u00e1ximo soportado: 250 kg.<\/p>\n<p>El estante extra\u00edble, situado a una altura conveniente, proporciona un apoyo pr\u00e1ctico y una amplia superficie de trabajo para doblar la ropa.<\/p>\n<p>Capacidad m\u00e1xima de carga: 10 kg.<\/p>\n<p>Se incluye una correa de seguridad de 6 metros con hebilla met\u00e1lica. El paso de la correa es externo al kit.<\/p>\n<p>Premontado, f\u00e1cil y r\u00e1pido de instalar.<\/p>\n<p>&nbsp;<\/p>\n","protected":false},"excerpt":{"rendered":"<p>\u2022 Universal: compatible con casi todas las lavadoras y secadoras de carga frontal con un ancho de 60cm u m\u00e0s de 60 cm de profundidad.<br \/>\n\u2022 Portada m\u00e1xima 250 Kg<br \/>\n\u2022 Para ahorrar espacio colocando la secadora encima de la lavadora.<br \/>\n\u2022 La bandeja extra\u00edble en tecnopol\u00edmero situada a una comoda altura, ofrece una amplia superficie de trabajo para doblar la ropa. Capacidad m\u00e1xima: 10 kg.<br \/>\n\u2022 Incluye correa de seguridad de 6 metros con hebilla de metal.<br \/>\n\u2022 Premontado y facil de instalar<\/p>\n","protected":false},"featured_media":65225,"template":"","meta":{"_acf_changed":false},"product_brand":[],"product_cat":[267,349],"product_tag":[],"class_list":{"0":"post-65392","1":"product","2":"type-product","3":"status-publish","4":"has-post-thumbnail","6":"product_cat-kit-de-superposicion-es","7":"product_cat-accesorios-para-electrodomesticos-es","9":"first","10":"instock","11":"taxable","12":"shipping-taxable","13":"product-type-simple"},"acf":[],"yoast_head":"<!-- This site is optimized with the Yoast SEO plugin v27.4 - https:\/\/yoast.com\/product\/yoast-seo-wordpress\/ -->\n<title>Torre Smart L60 - Meliconi<\/title>\n<meta name=\"robots\" content=\"index, follow, max-snippet:-1, max-image-preview:large, max-video-preview:-1\" \/>\n<link rel=\"canonical\" href=\"https:\/\/www.meliconi.com\/es\/producto\/torre-smart-l60\/\" \/>\n<meta property=\"og:locale\" content=\"es_ES\" \/>\n<meta property=\"og:type\" content=\"article\" \/>\n<meta property=\"og:title\" content=\"Torre Smart L60 - Meliconi\" \/>\n<meta property=\"og:description\" content=\"\u2022 Universal: compatible con casi todas las lavadoras y secadoras de carga frontal con un ancho de 60cm u m\u00e0s de 60 cm de profundidad. \u2022 Portada m\u00e1xima 250 Kg \u2022 Para ahorrar espacio colocando la secadora encima de la lavadora. \u2022 La bandeja extra\u00edble en tecnopol\u00edmero situada a una comoda altura, ofrece una amplia superficie de trabajo para doblar la ropa. Capacidad m\u00e1xima: 10 kg. \u2022 Incluye correa de seguridad de 6 metros con hebilla de metal. \u2022 Premontado y facil de instalar\" \/>\n<meta property=\"og:url\" content=\"https:\/\/www.meliconi.com\/es\/producto\/torre-smart-l60\/\" \/>\n<meta property=\"og:site_name\" content=\"Meliconi\" \/>\n<meta property=\"article:modified_time\" content=\"2025-04-07T08:33:46+00:00\" \/>\n<meta property=\"og:image\" content=\"https:\/\/www.meliconi.com\/wp-content\/uploads\/2025\/04\/656113_TORRE-SMART-closed-1024x724.png\" \/>\n\t<meta property=\"og:image:width\" content=\"1024\" \/>\n\t<meta property=\"og:image:height\" content=\"724\" \/>\n\t<meta property=\"og:image:type\" content=\"image\/png\" \/>\n<meta name=\"twitter:card\" content=\"summary_large_image\" \/>\n<meta name=\"twitter:label1\" content=\"Tiempo de lectura\" \/>\n\t<meta name=\"twitter:data1\" content=\"1 minuto\" \/>\n<script type=\"application\/ld+json\" class=\"yoast-schema-graph\">{\"@context\":\"https:\\\/\\\/schema.org\",\"@graph\":[{\"@type\":\"WebPage\",\"@id\":\"https:\\\/\\\/www.meliconi.com\\\/es\\\/producto\\\/torre-smart-l60\\\/\",\"url\":\"https:\\\/\\\/www.meliconi.com\\\/es\\\/producto\\\/torre-smart-l60\\\/\",\"name\":\"Torre Smart L60 - Meliconi\",\"isPartOf\":{\"@id\":\"https:\\\/\\\/www.meliconi.com\\\/es\\\/#website\"},\"primaryImageOfPage\":{\"@id\":\"https:\\\/\\\/www.meliconi.com\\\/es\\\/producto\\\/torre-smart-l60\\\/#primaryimage\"},\"image\":{\"@id\":\"https:\\\/\\\/www.meliconi.com\\\/es\\\/producto\\\/torre-smart-l60\\\/#primaryimage\"},\"thumbnailUrl\":\"https:\\\/\\\/www.meliconi.com\\\/wp-content\\\/uploads\\\/2025\\\/04\\\/656113_TORRE-SMART-closed.png\",\"datePublished\":\"2025-04-07T08:05:58+00:00\",\"dateModified\":\"2025-04-07T08:33:46+00:00\",\"breadcrumb\":{\"@id\":\"https:\\\/\\\/www.meliconi.com\\\/es\\\/producto\\\/torre-smart-l60\\\/#breadcrumb\"},\"inLanguage\":\"es\",\"potentialAction\":[{\"@type\":\"ReadAction\",\"target\":[\"https:\\\/\\\/www.meliconi.com\\\/es\\\/producto\\\/torre-smart-l60\\\/\"]}]},{\"@type\":\"ImageObject\",\"inLanguage\":\"es\",\"@id\":\"https:\\\/\\\/www.meliconi.com\\\/es\\\/producto\\\/torre-smart-l60\\\/#primaryimage\",\"url\":\"https:\\\/\\\/www.meliconi.com\\\/wp-content\\\/uploads\\\/2025\\\/04\\\/656113_TORRE-SMART-closed.png\",\"contentUrl\":\"https:\\\/\\\/www.meliconi.com\\\/wp-content\\\/uploads\\\/2025\\\/04\\\/656113_TORRE-SMART-closed.png\",\"width\":10000,\"height\":7070},{\"@type\":\"BreadcrumbList\",\"@id\":\"https:\\\/\\\/www.meliconi.com\\\/es\\\/producto\\\/torre-smart-l60\\\/#breadcrumb\",\"itemListElement\":[{\"@type\":\"ListItem\",\"position\":1,\"name\":\"Home\",\"item\":\"https:\\\/\\\/www.meliconi.com\\\/es\\\/\"},{\"@type\":\"ListItem\",\"position\":2,\"name\":\"Shop\",\"item\":\"https:\\\/\\\/www.meliconi.com\\\/es\\\/shop-es\\\/\"},{\"@type\":\"ListItem\",\"position\":3,\"name\":\"Torre Smart L60\"}]},{\"@type\":\"WebSite\",\"@id\":\"https:\\\/\\\/www.meliconi.com\\\/es\\\/#website\",\"url\":\"https:\\\/\\\/www.meliconi.com\\\/es\\\/\",\"name\":\"Meliconi\",\"description\":\"El especialista en accesorios \",\"publisher\":{\"@id\":\"https:\\\/\\\/www.meliconi.com\\\/es\\\/#organization\"},\"potentialAction\":[{\"@type\":\"SearchAction\",\"target\":{\"@type\":\"EntryPoint\",\"urlTemplate\":\"https:\\\/\\\/www.meliconi.com\\\/es\\\/?s={search_term_string}\"},\"query-input\":{\"@type\":\"PropertyValueSpecification\",\"valueRequired\":true,\"valueName\":\"search_term_string\"}}],\"inLanguage\":\"es\"},{\"@type\":\"Organization\",\"@id\":\"https:\\\/\\\/www.meliconi.com\\\/es\\\/#organization\",\"name\":\"Meliconi\",\"url\":\"https:\\\/\\\/www.meliconi.com\\\/es\\\/\",\"logo\":{\"@type\":\"ImageObject\",\"inLanguage\":\"es\",\"@id\":\"https:\\\/\\\/www.meliconi.com\\\/es\\\/#\\\/schema\\\/logo\\\/image\\\/\",\"url\":\"https:\\\/\\\/www.meliconi.com\\\/wp-content\\\/uploads\\\/2021\\\/06\\\/logo-meliconi.png\",\"contentUrl\":\"https:\\\/\\\/www.meliconi.com\\\/wp-content\\\/uploads\\\/2021\\\/06\\\/logo-meliconi.png\",\"width\":338,\"height\":102,\"caption\":\"Meliconi\"},\"image\":{\"@id\":\"https:\\\/\\\/www.meliconi.com\\\/es\\\/#\\\/schema\\\/logo\\\/image\\\/\"}}]}<\/script>\n<!-- \/ Yoast SEO plugin. -->","yoast_head_json":{"title":"Torre Smart L60 - Meliconi","robots":{"index":"index","follow":"follow","max-snippet":"max-snippet:-1","max-image-preview":"max-image-preview:large","max-video-preview":"max-video-preview:-1"},"canonical":"https:\/\/www.meliconi.com\/es\/producto\/torre-smart-l60\/","og_locale":"es_ES","og_type":"article","og_title":"Torre Smart L60 - Meliconi","og_description":"\u2022 Universal: compatible con casi todas las lavadoras y secadoras de carga frontal con un ancho de 60cm u m\u00e0s de 60 cm de profundidad. \u2022 Portada m\u00e1xima 250 Kg \u2022 Para ahorrar espacio colocando la secadora encima de la lavadora. \u2022 La bandeja extra\u00edble en tecnopol\u00edmero situada a una comoda altura, ofrece una amplia superficie de trabajo para doblar la ropa. Capacidad m\u00e1xima: 10 kg. \u2022 Incluye correa de seguridad de 6 metros con hebilla de metal. \u2022 Premontado y facil de instalar","og_url":"https:\/\/www.meliconi.com\/es\/producto\/torre-smart-l60\/","og_site_name":"Meliconi","article_modified_time":"2025-04-07T08:33:46+00:00","og_image":[{"width":1024,"height":724,"url":"https:\/\/www.meliconi.com\/wp-content\/uploads\/2025\/04\/656113_TORRE-SMART-closed-1024x724.png","type":"image\/png"}],"twitter_card":"summary_large_image","twitter_misc":{"Tiempo de lectura":"1 minuto"},"schema":{"@context":"https:\/\/schema.org","@graph":[{"@type":"WebPage","@id":"https:\/\/www.meliconi.com\/es\/producto\/torre-smart-l60\/","url":"https:\/\/www.meliconi.com\/es\/producto\/torre-smart-l60\/","name":"Torre Smart L60 - Meliconi","isPartOf":{"@id":"https:\/\/www.meliconi.com\/es\/#website"},"primaryImageOfPage":{"@id":"https:\/\/www.meliconi.com\/es\/producto\/torre-smart-l60\/#primaryimage"},"image":{"@id":"https:\/\/www.meliconi.com\/es\/producto\/torre-smart-l60\/#primaryimage"},"thumbnailUrl":"https:\/\/www.meliconi.com\/wp-content\/uploads\/2025\/04\/656113_TORRE-SMART-closed.png","datePublished":"2025-04-07T08:05:58+00:00","dateModified":"2025-04-07T08:33:46+00:00","breadcrumb":{"@id":"https:\/\/www.meliconi.com\/es\/producto\/torre-smart-l60\/#breadcrumb"},"inLanguage":"es","potentialAction":[{"@type":"ReadAction","target":["https:\/\/www.meliconi.com\/es\/producto\/torre-smart-l60\/"]}]},{"@type":"ImageObject","inLanguage":"es","@id":"https:\/\/www.meliconi.com\/es\/producto\/torre-smart-l60\/#primaryimage","url":"https:\/\/www.meliconi.com\/wp-content\/uploads\/2025\/04\/656113_TORRE-SMART-closed.png","contentUrl":"https:\/\/www.meliconi.com\/wp-content\/uploads\/2025\/04\/656113_TORRE-SMART-closed.png","width":10000,"height":7070},{"@type":"BreadcrumbList","@id":"https:\/\/www.meliconi.com\/es\/producto\/torre-smart-l60\/#breadcrumb","itemListElement":[{"@type":"ListItem","position":1,"name":"Home","item":"https:\/\/www.meliconi.com\/es\/"},{"@type":"ListItem","position":2,"name":"Shop","item":"https:\/\/www.meliconi.com\/es\/shop-es\/"},{"@type":"ListItem","position":3,"name":"Torre Smart L60"}]},{"@type":"WebSite","@id":"https:\/\/www.meliconi.com\/es\/#website","url":"https:\/\/www.meliconi.com\/es\/","name":"Meliconi","description":"El especialista en accesorios ","publisher":{"@id":"https:\/\/www.meliconi.com\/es\/#organization"},"potentialAction":[{"@type":"SearchAction","target":{"@type":"EntryPoint","urlTemplate":"https:\/\/www.meliconi.com\/es\/?s={search_term_string}"},"query-input":{"@type":"PropertyValueSpecification","valueRequired":true,"valueName":"search_term_string"}}],"inLanguage":"es"},{"@type":"Organization","@id":"https:\/\/www.meliconi.com\/es\/#organization","name":"Meliconi","url":"https:\/\/www.meliconi.com\/es\/","logo":{"@type":"ImageObject","inLanguage":"es","@id":"https:\/\/www.meliconi.com\/es\/#\/schema\/logo\/image\/","url":"https:\/\/www.meliconi.com\/wp-content\/uploads\/2021\/06\/logo-meliconi.png","contentUrl":"https:\/\/www.meliconi.com\/wp-content\/uploads\/2021\/06\/logo-meliconi.png","width":338,"height":102,"caption":"Meliconi"},"image":{"@id":"https:\/\/www.meliconi.com\/es\/#\/schema\/logo\/image\/"}}]}},"_links":{"self":[{"href":"https:\/\/www.meliconi.com\/es\/wp-json\/wp\/v2\/product\/65392","targetHints":{"allow":["GET"]}}],"collection":[{"href":"https:\/\/www.meliconi.com\/es\/wp-json\/wp\/v2\/product"}],"about":[{"href":"https:\/\/www.meliconi.com\/es\/wp-json\/wp\/v2\/types\/product"}],"wp:featuredmedia":[{"embeddable":true,"href":"https:\/\/www.meliconi.com\/es\/wp-json\/wp\/v2\/media\/65225"}],"wp:attachment":[{"href":"https:\/\/www.meliconi.com\/es\/wp-json\/wp\/v2\/media?parent=65392"}],"wp:term":[{"taxonomy":"product_brand","embeddable":true,"href":"https:\/\/www.meliconi.com\/es\/wp-json\/wp\/v2\/product_brand?post=65392"},{"taxonomy":"product_cat","embeddable":true,"href":"https:\/\/www.meliconi.com\/es\/wp-json\/wp\/v2\/product_cat?post=65392"},{"taxonomy":"product_tag","embeddable":true,"href":"https:\/\/www.meliconi.com\/es\/wp-json\/wp\/v2\/product_tag?post=65392"}],"curies":[{"name":"wp","href":"https:\/\/api.w.org\/{rel}","templated":true}]}}

<p>El kit de apilado Torre Smart L60  optimiza el espacio en la lavandería, permitiendo apilar la secadora sobre la lavadora de forma fácil y segura. Equipado con un práctico estante extraíble, proporciona una base funcional durante la rutina de lavado y secado.</p>
<p>Universal, compatible con la mayoría de las lavadoras y secadoras de carga frontal de 60 cm de ancho y más de 60 cm de profundidad.</p>
<p>Peso máximo soportado: 250 kg.</p>
<p>El estante extraíble, situado a una altura conveniente, proporciona un apoyo práctico y una amplia superficie de trabajo para doblar la ropa.</p>
<p>Capacidad máxima de carga: 10 kg.</p>
<p>Se incluye una correa de seguridad de 6 metros con hebilla metálica. El paso de la correa es externo al kit.</p>
<p>Premontado, fácil y rápido de instalar.</p>
<p>&nbsp;</p>

<p>• Universal: compatible con casi todas las lavadoras y secadoras de carga frontal con un ancho de 60cm u màs de 60 cm de profundidad.<br />
• Portada máxima 250 Kg<br />
• Para ahorrar espacio colocando la secadora encima de la lavadora.<br />
• La bandeja extraíble en tecnopolímero situada a una comoda altura, ofrece una amplia superficie de trabajo para doblar la ropa. Capacidad máxima: 10 kg.<br />
• Incluye correa de seguridad de 6 metros con hebilla de metal.<br />
• Premontado y facil de instalar</p>

<!-- This site is optimized with the Yoast SEO plugin v27.4 - https://yoast.com/product/yoast-seo-wordpress/ -->
<title>Torre Smart L60 - Meliconi</title>
<meta name="robots" content="index, follow, max-snippet:-1, max-image-preview:large, max-video-preview:-1" />
<link rel="canonical" href="https://www.meliconi.com/es/producto/torre-smart-l60/" />
<meta property="og:locale" content="es_ES" />
<meta property="og:type" content="article" />
<meta property="og:title" content="Torre Smart L60 - Meliconi" />
<meta property="og:description" content="• Universal: compatible con casi todas las lavadoras y secadoras de carga frontal con un ancho de 60cm u màs de 60 cm de profundidad. • Portada máxima 250 Kg • Para ahorrar espacio colocando la secadora encima de la lavadora. • La bandeja extraíble en tecnopolímero situada a una comoda altura, ofrece una amplia superficie de trabajo para doblar la ropa. Capacidad máxima: 10 kg. • Incluye correa de seguridad de 6 metros con hebilla de metal. • Premontado y facil de instalar" />
<meta property="og:url" content="https://www.meliconi.com/es/producto/torre-smart-l60/" />
<meta property="og:site_name" content="Meliconi" />
<meta property="article:modified_time" content="2025-04-07T08:33:46+00:00" />
<meta property="og:image" content="https://www.meliconi.com/wp-content/uploads/2025/04/656113_TORRE-SMART-closed-1024x724.png" />
	<meta property="og:image:width" content="1024" />
	<meta property="og:image:height" content="724" />
	<meta property="og:image:type" content="image/png" />
<meta name="twitter:card" content="summary_large_image" />
<meta name="twitter:label1" content="Tiempo de lectura" />
	<meta name="twitter:data1" content="1 minuto" />
<script type="application/ld+json" class="yoast-schema-graph">{"@context":"https:\/\/schema.org","@graph":[{"@type":"WebPage","@id":"https:\/\/www.meliconi.com\/es\/producto\/torre-smart-l60\/","url":"https:\/\/www.meliconi.com\/es\/producto\/torre-smart-l60\/","name":"Torre Smart L60 - Meliconi","isPartOf":{"@id":"https:\/\/www.meliconi.com\/es\/#website"},"primaryImageOfPage":{"@id":"https:\/\/www.meliconi.com\/es\/producto\/torre-smart-l60\/#primaryimage"},"image":{"@id":"https:\/\/www.meliconi.com\/es\/producto\/torre-smart-l60\/#primaryimage"},"thumbnailUrl":"https:\/\/www.meliconi.com\/wp-content\/uploads\/2025\/04\/656113_TORRE-SMART-closed.png","datePublished":"2025-04-07T08:05:58+00:00","dateModified":"2025-04-07T08:33:46+00:00","breadcrumb":{"@id":"https:\/\/www.meliconi.com\/es\/producto\/torre-smart-l60\/#breadcrumb"},"inLanguage":"es","potentialAction":[{"@type":"ReadAction","target":["https:\/\/www.meliconi.com\/es\/producto\/torre-smart-l60\/"]}]},{"@type":"ImageObject","inLanguage":"es","@id":"https:\/\/www.meliconi.com\/es\/producto\/torre-smart-l60\/#primaryimage","url":"https:\/\/www.meliconi.com\/wp-content\/uploads\/2025\/04\/656113_TORRE-SMART-closed.png","contentUrl":"https:\/\/www.meliconi.com\/wp-content\/uploads\/2025\/04\/656113_TORRE-SMART-closed.png","width":10000,"height":7070},{"@type":"BreadcrumbList","@id":"https:\/\/www.meliconi.com\/es\/producto\/torre-smart-l60\/#breadcrumb","itemListElement":[{"@type":"ListItem","position":1,"name":"Home","item":"https:\/\/www.meliconi.com\/es\/"},{"@type":"ListItem","position":2,"name":"Shop","item":"https:\/\/www.meliconi.com\/es\/shop-es\/"},{"@type":"ListItem","position":3,"name":"Torre Smart L60"}]},{"@type":"WebSite","@id":"https:\/\/www.meliconi.com\/es\/#website","url":"https:\/\/www.meliconi.com\/es\/","name":"Meliconi","description":"El especialista en accesorios ","publisher":{"@id":"https:\/\/www.meliconi.com\/es\/#organization"},"potentialAction":[{"@type":"SearchAction","target":{"@type":"EntryPoint","urlTemplate":"https:\/\/www.meliconi.com\/es\/?s={search_term_string}"},"query-input":{"@type":"PropertyValueSpecification","valueRequired":true,"valueName":"search_term_string"}}],"inLanguage":"es"},{"@type":"Organization","@id":"https:\/\/www.meliconi.com\/es\/#organization","name":"Meliconi","url":"https:\/\/www.meliconi.com\/es\/","logo":{"@type":"ImageObject","inLanguage":"es","@id":"https:\/\/www.meliconi.com\/es\/#\/schema\/logo\/image\/","url":"https:\/\/www.meliconi.com\/wp-content\/uploads\/2021\/06\/logo-meliconi.png","contentUrl":"https:\/\/www.meliconi.com\/wp-content\/uploads\/2021\/06\/logo-meliconi.png","width":338,"height":102,"caption":"Meliconi"},"image":{"@id":"https:\/\/www.meliconi.com\/es\/#\/schema\/logo\/image\/"}}]}</script>
<!-- / Yoast SEO plugin. -->

• Universal: compatible con casi todas las lavadoras y secadoras de carga frontal con un ancho de 60cm u màs de 60 cm de profundidad. • Portada máxima 250 Kg • Para ahorrar espacio colocando la secadora encima de la lavadora. • La bandeja extraíble en tecnopolímero situada a una comoda altura, ofrece una amplia superficie de trabajo para doblar la ropa. Capacidad máxima: 10 kg. • Incluye correa de seguridad de 6 metros con hebilla de metal. • Premontado y facil de instalar
