{"id":13229,"date":"2021-06-25T15:56:57","date_gmt":"2021-06-25T15:56:57","guid":{"rendered":"https:\/\/www.meliconi.com\/prodotto\/base-torre-extra-l60\/"},"modified":"2025-04-07T09:55:36","modified_gmt":"2025-04-07T07:55:36","slug":"base-torre-extra-l60","status":"publish","type":"product","link":"https:\/\/www.meliconi.com\/es\/producto\/base-torre-extra-l60\/","title":{"rendered":"Torre Extra L60"},"content":{"rendered":"<p>Estructura de tecnopol\u00edmero reforzado ultrarresistente con caj\u00f3n extra\u00edble.<br \/>\nCapacidad de carga del caj\u00f3n: 10 kg. Volumen: 28 litros.<br \/>\nSe incluye correa de seguridad de 6 metros con hebilla met\u00e1lica (no hacen falta tornillos).<br \/>\nSe incluyen protecciones de espuma blanda.<br \/>\nPremontado y f\u00e1cil de instalar.<br \/>\nCompatible con todas las lavadorasde carga frontal (con una profundidad m\u00ednima de 45 cm y una anchura m\u00e1xima de 60 cm) y con todas las secadoras de carga frontal aunque superen los 60 cm de profundidad (seg\u00fan los modelos).<\/p>\n","protected":false},"excerpt":{"rendered":"<p>Kit de superposici\u00f3n para secadora y lavadora con caj\u00f3n extra\u00edble de 28 l de capacidad.<br \/>\nCintur\u00f3n de seguridad incluido.<\/p>\n","protected":false},"featured_media":12188,"template":"","meta":{"_acf_changed":false},"product_brand":[],"product_cat":[267,349],"product_tag":[],"class_list":{"0":"post-13229","1":"product","2":"type-product","3":"status-publish","4":"has-post-thumbnail","6":"product_cat-kit-de-superposicion-es","7":"product_cat-accesorios-para-electrodomesticos-es","9":"first","10":"instock","11":"sale","12":"taxable","13":"shipping-taxable","14":"purchasable","15":"product-type-simple"},"acf":[],"yoast_head":"<!-- This site is optimized with the Yoast SEO plugin v27.4 - https:\/\/yoast.com\/product\/yoast-seo-wordpress\/ -->\n<title>Torre Extra L60 - Meliconi<\/title>\n<meta name=\"robots\" content=\"index, follow, max-snippet:-1, max-image-preview:large, max-video-preview:-1\" \/>\n<link rel=\"canonical\" href=\"https:\/\/www.meliconi.com\/es\/producto\/base-torre-extra-l60\/\" \/>\n<meta property=\"og:locale\" content=\"es_ES\" \/>\n<meta property=\"og:type\" content=\"article\" \/>\n<meta property=\"og:title\" content=\"Torre Extra L60 - Meliconi\" \/>\n<meta property=\"og:description\" content=\"Kit de superposici\u00f3n para secadora y lavadora con caj\u00f3n extra\u00edble de 28 l de capacidad. Cintur\u00f3n de seguridad incluido.\" \/>\n<meta property=\"og:url\" content=\"https:\/\/www.meliconi.com\/es\/producto\/base-torre-extra-l60\/\" \/>\n<meta property=\"og:site_name\" content=\"Meliconi\" \/>\n<meta property=\"article:modified_time\" content=\"2025-04-07T07:55:36+00:00\" \/>\n<meta property=\"og:image\" content=\"https:\/\/www.meliconi.com\/wp-content\/uploads\/2021\/06\/IMM_BaseTorreExtra_L60.jpeg\" \/>\n\t<meta property=\"og:image:width\" content=\"572\" \/>\n\t<meta property=\"og:image:height\" content=\"405\" \/>\n\t<meta property=\"og:image:type\" content=\"image\/jpeg\" \/>\n<meta name=\"twitter:card\" content=\"summary_large_image\" \/>\n<meta name=\"twitter:label1\" content=\"Tiempo de lectura\" \/>\n\t<meta name=\"twitter:data1\" content=\"1 minuto\" \/>\n<script type=\"application\/ld+json\" class=\"yoast-schema-graph\">{\"@context\":\"https:\\\/\\\/schema.org\",\"@graph\":[{\"@type\":\"WebPage\",\"@id\":\"https:\\\/\\\/www.meliconi.com\\\/es\\\/producto\\\/base-torre-extra-l60\\\/\",\"url\":\"https:\\\/\\\/www.meliconi.com\\\/es\\\/producto\\\/base-torre-extra-l60\\\/\",\"name\":\"Torre Extra L60 - Meliconi\",\"isPartOf\":{\"@id\":\"https:\\\/\\\/www.meliconi.com\\\/es\\\/#website\"},\"primaryImageOfPage\":{\"@id\":\"https:\\\/\\\/www.meliconi.com\\\/es\\\/producto\\\/base-torre-extra-l60\\\/#primaryimage\"},\"image\":{\"@id\":\"https:\\\/\\\/www.meliconi.com\\\/es\\\/producto\\\/base-torre-extra-l60\\\/#primaryimage\"},\"thumbnailUrl\":\"https:\\\/\\\/www.meliconi.com\\\/wp-content\\\/uploads\\\/2021\\\/06\\\/IMM_BaseTorreExtra_L60.jpeg\",\"datePublished\":\"2021-06-25T15:56:57+00:00\",\"dateModified\":\"2025-04-07T07:55:36+00:00\",\"breadcrumb\":{\"@id\":\"https:\\\/\\\/www.meliconi.com\\\/es\\\/producto\\\/base-torre-extra-l60\\\/#breadcrumb\"},\"inLanguage\":\"es\",\"potentialAction\":[{\"@type\":\"ReadAction\",\"target\":[\"https:\\\/\\\/www.meliconi.com\\\/es\\\/producto\\\/base-torre-extra-l60\\\/\"]}]},{\"@type\":\"ImageObject\",\"inLanguage\":\"es\",\"@id\":\"https:\\\/\\\/www.meliconi.com\\\/es\\\/producto\\\/base-torre-extra-l60\\\/#primaryimage\",\"url\":\"https:\\\/\\\/www.meliconi.com\\\/wp-content\\\/uploads\\\/2021\\\/06\\\/IMM_BaseTorreExtra_L60.jpeg\",\"contentUrl\":\"https:\\\/\\\/www.meliconi.com\\\/wp-content\\\/uploads\\\/2021\\\/06\\\/IMM_BaseTorreExtra_L60.jpeg\",\"width\":572,\"height\":405},{\"@type\":\"BreadcrumbList\",\"@id\":\"https:\\\/\\\/www.meliconi.com\\\/es\\\/producto\\\/base-torre-extra-l60\\\/#breadcrumb\",\"itemListElement\":[{\"@type\":\"ListItem\",\"position\":1,\"name\":\"Home\",\"item\":\"https:\\\/\\\/www.meliconi.com\\\/es\\\/\"},{\"@type\":\"ListItem\",\"position\":2,\"name\":\"Shop\",\"item\":\"https:\\\/\\\/www.meliconi.com\\\/es\\\/shop-es\\\/\"},{\"@type\":\"ListItem\",\"position\":3,\"name\":\"Torre Extra L60\"}]},{\"@type\":\"WebSite\",\"@id\":\"https:\\\/\\\/www.meliconi.com\\\/es\\\/#website\",\"url\":\"https:\\\/\\\/www.meliconi.com\\\/es\\\/\",\"name\":\"Meliconi\",\"description\":\"El especialista en accesorios \",\"publisher\":{\"@id\":\"https:\\\/\\\/www.meliconi.com\\\/es\\\/#organization\"},\"potentialAction\":[{\"@type\":\"SearchAction\",\"target\":{\"@type\":\"EntryPoint\",\"urlTemplate\":\"https:\\\/\\\/www.meliconi.com\\\/es\\\/?s={search_term_string}\"},\"query-input\":{\"@type\":\"PropertyValueSpecification\",\"valueRequired\":true,\"valueName\":\"search_term_string\"}}],\"inLanguage\":\"es\"},{\"@type\":\"Organization\",\"@id\":\"https:\\\/\\\/www.meliconi.com\\\/es\\\/#organization\",\"name\":\"Meliconi\",\"url\":\"https:\\\/\\\/www.meliconi.com\\\/es\\\/\",\"logo\":{\"@type\":\"ImageObject\",\"inLanguage\":\"es\",\"@id\":\"https:\\\/\\\/www.meliconi.com\\\/es\\\/#\\\/schema\\\/logo\\\/image\\\/\",\"url\":\"https:\\\/\\\/www.meliconi.com\\\/wp-content\\\/uploads\\\/2021\\\/06\\\/logo-meliconi.png\",\"contentUrl\":\"https:\\\/\\\/www.meliconi.com\\\/wp-content\\\/uploads\\\/2021\\\/06\\\/logo-meliconi.png\",\"width\":338,\"height\":102,\"caption\":\"Meliconi\"},\"image\":{\"@id\":\"https:\\\/\\\/www.meliconi.com\\\/es\\\/#\\\/schema\\\/logo\\\/image\\\/\"}}]}<\/script>\n<!-- \/ Yoast SEO plugin. -->","yoast_head_json":{"title":"Torre Extra L60 - Meliconi","robots":{"index":"index","follow":"follow","max-snippet":"max-snippet:-1","max-image-preview":"max-image-preview:large","max-video-preview":"max-video-preview:-1"},"canonical":"https:\/\/www.meliconi.com\/es\/producto\/base-torre-extra-l60\/","og_locale":"es_ES","og_type":"article","og_title":"Torre Extra L60 - Meliconi","og_description":"Kit de superposici\u00f3n para secadora y lavadora con caj\u00f3n extra\u00edble de 28 l de capacidad. Cintur\u00f3n de seguridad incluido.","og_url":"https:\/\/www.meliconi.com\/es\/producto\/base-torre-extra-l60\/","og_site_name":"Meliconi","article_modified_time":"2025-04-07T07:55:36+00:00","og_image":[{"width":572,"height":405,"url":"https:\/\/www.meliconi.com\/wp-content\/uploads\/2021\/06\/IMM_BaseTorreExtra_L60.jpeg","type":"image\/jpeg"}],"twitter_card":"summary_large_image","twitter_misc":{"Tiempo de lectura":"1 minuto"},"schema":{"@context":"https:\/\/schema.org","@graph":[{"@type":"WebPage","@id":"https:\/\/www.meliconi.com\/es\/producto\/base-torre-extra-l60\/","url":"https:\/\/www.meliconi.com\/es\/producto\/base-torre-extra-l60\/","name":"Torre Extra L60 - Meliconi","isPartOf":{"@id":"https:\/\/www.meliconi.com\/es\/#website"},"primaryImageOfPage":{"@id":"https:\/\/www.meliconi.com\/es\/producto\/base-torre-extra-l60\/#primaryimage"},"image":{"@id":"https:\/\/www.meliconi.com\/es\/producto\/base-torre-extra-l60\/#primaryimage"},"thumbnailUrl":"https:\/\/www.meliconi.com\/wp-content\/uploads\/2021\/06\/IMM_BaseTorreExtra_L60.jpeg","datePublished":"2021-06-25T15:56:57+00:00","dateModified":"2025-04-07T07:55:36+00:00","breadcrumb":{"@id":"https:\/\/www.meliconi.com\/es\/producto\/base-torre-extra-l60\/#breadcrumb"},"inLanguage":"es","potentialAction":[{"@type":"ReadAction","target":["https:\/\/www.meliconi.com\/es\/producto\/base-torre-extra-l60\/"]}]},{"@type":"ImageObject","inLanguage":"es","@id":"https:\/\/www.meliconi.com\/es\/producto\/base-torre-extra-l60\/#primaryimage","url":"https:\/\/www.meliconi.com\/wp-content\/uploads\/2021\/06\/IMM_BaseTorreExtra_L60.jpeg","contentUrl":"https:\/\/www.meliconi.com\/wp-content\/uploads\/2021\/06\/IMM_BaseTorreExtra_L60.jpeg","width":572,"height":405},{"@type":"BreadcrumbList","@id":"https:\/\/www.meliconi.com\/es\/producto\/base-torre-extra-l60\/#breadcrumb","itemListElement":[{"@type":"ListItem","position":1,"name":"Home","item":"https:\/\/www.meliconi.com\/es\/"},{"@type":"ListItem","position":2,"name":"Shop","item":"https:\/\/www.meliconi.com\/es\/shop-es\/"},{"@type":"ListItem","position":3,"name":"Torre Extra L60"}]},{"@type":"WebSite","@id":"https:\/\/www.meliconi.com\/es\/#website","url":"https:\/\/www.meliconi.com\/es\/","name":"Meliconi","description":"El especialista en accesorios ","publisher":{"@id":"https:\/\/www.meliconi.com\/es\/#organization"},"potentialAction":[{"@type":"SearchAction","target":{"@type":"EntryPoint","urlTemplate":"https:\/\/www.meliconi.com\/es\/?s={search_term_string}"},"query-input":{"@type":"PropertyValueSpecification","valueRequired":true,"valueName":"search_term_string"}}],"inLanguage":"es"},{"@type":"Organization","@id":"https:\/\/www.meliconi.com\/es\/#organization","name":"Meliconi","url":"https:\/\/www.meliconi.com\/es\/","logo":{"@type":"ImageObject","inLanguage":"es","@id":"https:\/\/www.meliconi.com\/es\/#\/schema\/logo\/image\/","url":"https:\/\/www.meliconi.com\/wp-content\/uploads\/2021\/06\/logo-meliconi.png","contentUrl":"https:\/\/www.meliconi.com\/wp-content\/uploads\/2021\/06\/logo-meliconi.png","width":338,"height":102,"caption":"Meliconi"},"image":{"@id":"https:\/\/www.meliconi.com\/es\/#\/schema\/logo\/image\/"}}]}},"_links":{"self":[{"href":"https:\/\/www.meliconi.com\/es\/wp-json\/wp\/v2\/product\/13229","targetHints":{"allow":["GET"]}}],"collection":[{"href":"https:\/\/www.meliconi.com\/es\/wp-json\/wp\/v2\/product"}],"about":[{"href":"https:\/\/www.meliconi.com\/es\/wp-json\/wp\/v2\/types\/product"}],"wp:featuredmedia":[{"embeddable":true,"href":"https:\/\/www.meliconi.com\/es\/wp-json\/wp\/v2\/media\/12188"}],"wp:attachment":[{"href":"https:\/\/www.meliconi.com\/es\/wp-json\/wp\/v2\/media?parent=13229"}],"wp:term":[{"taxonomy":"product_brand","embeddable":true,"href":"https:\/\/www.meliconi.com\/es\/wp-json\/wp\/v2\/product_brand?post=13229"},{"taxonomy":"product_cat","embeddable":true,"href":"https:\/\/www.meliconi.com\/es\/wp-json\/wp\/v2\/product_cat?post=13229"},{"taxonomy":"product_tag","embeddable":true,"href":"https:\/\/www.meliconi.com\/es\/wp-json\/wp\/v2\/product_tag?post=13229"}],"curies":[{"name":"wp","href":"https:\/\/api.w.org\/{rel}","templated":true}]}}

<p>Estructura de tecnopolímero reforzado ultrarresistente con cajón extraíble.<br />
Capacidad de carga del cajón: 10 kg. Volumen: 28 litros.<br />
Se incluye correa de seguridad de 6 metros con hebilla metálica (no hacen falta tornillos).<br />
Se incluyen protecciones de espuma blanda.<br />
Premontado y fácil de instalar.<br />
Compatible con todas las lavadorasde carga frontal (con una profundidad mínima de 45 cm y una anchura máxima de 60 cm) y con todas las secadoras de carga frontal aunque superen los 60 cm de profundidad (según los modelos).</p>

<p>Kit de superposición para secadora y lavadora con cajón extraíble de 28 l de capacidad.<br />
Cinturón de seguridad incluido.</p>

<!-- This site is optimized with the Yoast SEO plugin v27.4 - https://yoast.com/product/yoast-seo-wordpress/ -->
<title>Torre Extra L60 - Meliconi</title>
<meta name="robots" content="index, follow, max-snippet:-1, max-image-preview:large, max-video-preview:-1" />
<link rel="canonical" href="https://www.meliconi.com/es/producto/base-torre-extra-l60/" />
<meta property="og:locale" content="es_ES" />
<meta property="og:type" content="article" />
<meta property="og:title" content="Torre Extra L60 - Meliconi" />
<meta property="og:description" content="Kit de superposición para secadora y lavadora con cajón extraíble de 28 l de capacidad. Cinturón de seguridad incluido." />
<meta property="og:url" content="https://www.meliconi.com/es/producto/base-torre-extra-l60/" />
<meta property="og:site_name" content="Meliconi" />
<meta property="article:modified_time" content="2025-04-07T07:55:36+00:00" />
<meta property="og:image" content="https://www.meliconi.com/wp-content/uploads/2021/06/IMM_BaseTorreExtra_L60.jpeg" />
	<meta property="og:image:width" content="572" />
	<meta property="og:image:height" content="405" />
	<meta property="og:image:type" content="image/jpeg" />
<meta name="twitter:card" content="summary_large_image" />
<meta name="twitter:label1" content="Tiempo de lectura" />
	<meta name="twitter:data1" content="1 minuto" />
<script type="application/ld+json" class="yoast-schema-graph">{"@context":"https:\/\/schema.org","@graph":[{"@type":"WebPage","@id":"https:\/\/www.meliconi.com\/es\/producto\/base-torre-extra-l60\/","url":"https:\/\/www.meliconi.com\/es\/producto\/base-torre-extra-l60\/","name":"Torre Extra L60 - Meliconi","isPartOf":{"@id":"https:\/\/www.meliconi.com\/es\/#website"},"primaryImageOfPage":{"@id":"https:\/\/www.meliconi.com\/es\/producto\/base-torre-extra-l60\/#primaryimage"},"image":{"@id":"https:\/\/www.meliconi.com\/es\/producto\/base-torre-extra-l60\/#primaryimage"},"thumbnailUrl":"https:\/\/www.meliconi.com\/wp-content\/uploads\/2021\/06\/IMM_BaseTorreExtra_L60.jpeg","datePublished":"2021-06-25T15:56:57+00:00","dateModified":"2025-04-07T07:55:36+00:00","breadcrumb":{"@id":"https:\/\/www.meliconi.com\/es\/producto\/base-torre-extra-l60\/#breadcrumb"},"inLanguage":"es","potentialAction":[{"@type":"ReadAction","target":["https:\/\/www.meliconi.com\/es\/producto\/base-torre-extra-l60\/"]}]},{"@type":"ImageObject","inLanguage":"es","@id":"https:\/\/www.meliconi.com\/es\/producto\/base-torre-extra-l60\/#primaryimage","url":"https:\/\/www.meliconi.com\/wp-content\/uploads\/2021\/06\/IMM_BaseTorreExtra_L60.jpeg","contentUrl":"https:\/\/www.meliconi.com\/wp-content\/uploads\/2021\/06\/IMM_BaseTorreExtra_L60.jpeg","width":572,"height":405},{"@type":"BreadcrumbList","@id":"https:\/\/www.meliconi.com\/es\/producto\/base-torre-extra-l60\/#breadcrumb","itemListElement":[{"@type":"ListItem","position":1,"name":"Home","item":"https:\/\/www.meliconi.com\/es\/"},{"@type":"ListItem","position":2,"name":"Shop","item":"https:\/\/www.meliconi.com\/es\/shop-es\/"},{"@type":"ListItem","position":3,"name":"Torre Extra L60"}]},{"@type":"WebSite","@id":"https:\/\/www.meliconi.com\/es\/#website","url":"https:\/\/www.meliconi.com\/es\/","name":"Meliconi","description":"El especialista en accesorios ","publisher":{"@id":"https:\/\/www.meliconi.com\/es\/#organization"},"potentialAction":[{"@type":"SearchAction","target":{"@type":"EntryPoint","urlTemplate":"https:\/\/www.meliconi.com\/es\/?s={search_term_string}"},"query-input":{"@type":"PropertyValueSpecification","valueRequired":true,"valueName":"search_term_string"}}],"inLanguage":"es"},{"@type":"Organization","@id":"https:\/\/www.meliconi.com\/es\/#organization","name":"Meliconi","url":"https:\/\/www.meliconi.com\/es\/","logo":{"@type":"ImageObject","inLanguage":"es","@id":"https:\/\/www.meliconi.com\/es\/#\/schema\/logo\/image\/","url":"https:\/\/www.meliconi.com\/wp-content\/uploads\/2021\/06\/logo-meliconi.png","contentUrl":"https:\/\/www.meliconi.com\/wp-content\/uploads\/2021\/06\/logo-meliconi.png","width":338,"height":102,"caption":"Meliconi"},"image":{"@id":"https:\/\/www.meliconi.com\/es\/#\/schema\/logo\/image\/"}}]}</script>
<!-- / Yoast SEO plugin. -->

Kit de superposición para secadora y lavadora con cajón extraíble de 28 l de capacidad. Cinturón de seguridad incluido.
